 12?
4b
Convert -e0 (base 15) to base 3.
-21210
2 (base 7) to base 12
2
What is -103 (base 9) in base 14?
-60
Convert -5 (base 12) to base 15.
-5
What is -3 (base 15) in base 14?
-3
Convert -3 (base 12) to base 7.
-3
16 (base 11) to base 2
10001
-53 (base 11) to base 3
-2011
13 (base 4) to base 11
7
-11000 (base 2) to base 3
-220
-3 (base 9) to base 5
-3
Convert -4 (base 13) to base 15.
-4
Convert -8d (base 16) to base 10.
-141
What is -5 (base 13) in base 6?
-5
-220 (base 4) to base 8
-50
What is 31 (base 4) in base 3?
111
Convert 11 (base 9) to base 2.
1010
What is -3 (base 8) in base 16?
-3
What is 3 (base 12) in base 5?
3
-7 (base 16) to base 8
-7
-2 (base 8) to base 11
-2
Convert -13 (base 4) to base 12.
-7
What is 4 (base 15) in base 10?
4
What is 0 (base 10) in base 6?
0
1 (base 2) to base 8
1
What is 4 (base 16) in base 2?
100
-10010 (base 2) to base 5
-33
What is -11 (base 6) in base 2?
-111
-3 (base 15) to base 14
-3
33 (base 9) to base 12
26
-21 (base 11) to base 6
-35
Convert -124 (base 6) to base 2.
-110100
11 (base 4) to base 10
5
What is -101 (base 5) in base 10?
-26
-120 (base 3) to base 7
-21
Convert -7 (base 12) to base 15.
-7
What is -100 (base 2) in base 9?
-4
Convert -4 (base 14) to base 15.
-4
Convert 9 (base 11) to base 7.
12
What is 5 (base 14) in base 10?
5
Convert -21 (base 13) to base 6.
-43
What is 1320 (base 4) in base 3?
11110
Convert 40 (base 8) to base 10.
32
Convert 526 (base 8) to base 7.
666
What is -31 (base 6) in base 5?
-34
What is 38 (base 15) in base 4?
311
-207 (base 10) to base 9
-250
3 (base 4) to base 14
3
What is b (base 16) in base 14?
b
What is 10112 (base 3) in base 10?
95
-11 (base 2) to base 16
-3
Convert 2221 (base 4) to base 3.
20021
Convert 2 (base 14) to base 7.
2
What is 134 (base 5) in base 2?
101100
What is 62 (base 11) in base 10?
68
What is 252 (base 7) in base 15?
90
What is -10 (base 12) in base 11?
-11
Convert 7 (base 15) to base 11.
7
What is -4b (base 16) in base 8?
-113
Convert a (base 13) to base 6.
14
What is 0 (base 14) in base 16?
0
What is 187 (base 9) in base 15?
aa
Convert -10 (base 11) to base 5.
-21
Convert 18 (base 16) to base 10.
24
-6 (base 11) to base 8
-6
-20202 (base 3) to base 15
-c2
What is -20 (base 15) in base 3?
-1010
157 (base 11) to base 13
111
1221 (base 3) to base 6
124
What is 13 (base 11) in base 4?
32
5 (base 15) to base 3
12
Convert 13 (base 10) to base 3.
111
What is -131 (base 8) in base 11?
-81
-4 (base 7) to base 13
-4
Convert 22 (base 7) to base 8.
20
166 (base 13) to base 16
fd
42 (base 10) to base 16
2a
Convert 1 (base 13) to base 8.
1
Convert 22 (base 5) to base 6.
20
13 (base 7) to base 3
101
What is -3 (base 9) in base 2?
-11
Convert 1 (base 13) to base 7.
1
Convert -b6 (base 12) to base 4.
-2022
Convert 3 (base 7) to base 5.
3
-2d (base 16) to base 9
-50
-110210 (base 3) to base 13
-207
What is -4 (base 13) in base 2?
-100
What is 13 (base 6) in base 2?
1001
-4 (base 14) to base 9
-4
70 (base 13) to base 3
10101
50 (base 9) to base 8
55
10003 (base 4) to base 7
520
Convert 2 (base 6) to base 9.
2
Convert -66 (base 7) to base 8.
-60
Convert 111 (base 2) to base 4.
13
What is -10 (base 14) in base 16?
-e
1 (base 9) to base 16
1
What is 1 (base 2) in base 16?
1
10101 (base 2) to base 3
210
What is -3 (base 8) in base 10?
-3
What is -1042 (base 6) in base 15?
-112
Convert 1 (base 12) to base 2.
1
Convert -44 (base 11) to base 6.
-120
Convert -a (base 16) to base 12.
-a
Convert 1 (base 4) to base 6.
1
177 (base 11) to base 15
da
Convert -11 (base 6) to base 16.
-7
10000 (base 2) to base 15
11
Convert -54 (base 12) to base 16.
-40
-1001 (base 2) to base 11
-9
Convert -9 (base 11) to base 7.
-12
Convert -11 (base 6) to base 5.
-12
-12 (base 4) to base 12
-6
Convert 104 (base 13) to base 14.
c5
Convert -15 (base 6) to base 11.
-10
Convert 2 (base 10) to base 5.
2
Convert -2002 (base 3) to base 10.
-56
Convert 2 (base 4) to base 3.
2
Convert -2212 (base 3) to base 2.
-1001101
-1b (base 12) to base 11
-21
Convert -59 (base 11) to base 12.
-54
Convert -48 (base 10) to base 9.
-53
What is 212 (base 5) in base 4?
321
Convert -61 (base 11) to base 9.
-74
What is 2 (base 13) in base 16?
2
0 (base 11) to base 6
0
-5 (base 9) to base 16
-5
What is -32 (base 11) in base 15?
-25
0 (base 7) to base 9
0
Convert -1 (base 15) to base 10.
-1
Convert -4 (base 16) to base 5.
-4
Convert 3 (base 8) to base 15.
3
-5 (base 16) to base 3
-12
-2 (base 12) to base 7
-2
Convert 15 (base 15) to base 8.
24
What is a (base 11) in base 4?
22
What is 212 (base 3) in base 4?
113
Convert 3c (base 16) to base 4.
330
What is -29 (base 16) in base 6?
-105
What is -242 (base 9) in base 8?
-310
Convert 4 (base 12) to base 11.
4
Convert 0 (base 9) to base 12.
0
Convert 2 (base 16) to base 13.
2
What is 101000000 (base 2) in base 11?
271
Convert -11101010 (base 2) to base 5.
-1414
What is 1 (base 15) in base 6?
1
Convert 100 (base 3) to base 12.
9
-4b (base 16) to base 14
-55
Convert -8e (base 15) to base 7.
-251
63 (base 11) to base 8
105
What is -10 (base 14) in base 12?
-12
Convert -21 (base 10) to base 4.
-111
-1011001 (base 2) to base 5
-324
Convert -75 (base 13) to base 3.
-10120
7 (base 16) to base 9
7
Convert 100010 (base 2) to base 4.
202
24 (base 15) to base 4
202
What is 34 (base 8) in base 12?
24
122 (base 3) to base 4
101
Convert 1 (base 2) to base 6.
1
What is -2 (base 10) in base 13?
-2
Convert 0 (base 5) to base 3.
0
What is 1 (base 10) in base 13?
1
What is 9 (base 11) in base 15?
9
What is c (base 13) in base 7?
15
What is -3 (base 4) in base 12?
-3
-1 (base 3) to base 9
-1
What is -3 (base 10) in base 2?
-11
What is -6 (base 10) in base 2?
-110
-104 (base 9) to base 15
-5a
What is 7a (base 11) in base 13?
69
Convert -33 (base 10) to base 11.
-30
Convert -10 (base 13) to base 3.
-111
Convert -1 (base 7) to base 8.
-1
What is 41 (base 7) in base 12?
25
What is -53 (base 8) in base 14?
-31
What is -335 (base 7) in base 10?
-173
51 (base 16) to base 3
10000
1 (base 11) to base 5
1
-1 (base 10) to base 8
-1
What is 100 (base 3) in base 16?
9
57 (base 16) to base 10
87
What is 3 (base 8) in base 3?
10
What is -4 (base 6) in base 7?
-4
Convert -254 (base 7) to base 10.
-137
-c8 (base 13) to base 12
-118
What is 132 (base 6) in base 9?
62
Convert 205 (base 7) to base 13.
7c
Convert 8 (base 12) to base 6.
12
What is -105 (base 11) in base 9?
-150
What is -175 (base 12) in base 5?
-1413
What is ba (base 15) in base 12?
127
What is -3 (base 10) in base 5?
-3
-310 (base 10) to base 2
-100110110
Convert -b (base 15) to base 14.
-b
What is -177 (base 13) in base 16?
-10b
Convert -3 (base 10) to base 16.
-3
What is -1101 (base 2) in base 7?
-16
What is -214 (base 5) in base 12?
-4b
What is 1 (base 9) in base 3?
1
-37 (base 10) to base 8
-45
What is -122 (base 3) in base 2?
-10001
2 (base 15) to base 14
2
c4 (base 16) to base 2
11000100
104 (base 12) to base 16
94
3a (base 11) to base 8
53
Convert 2 (base 10) to base 13.
2
5 (base 15) to base 13
5
What is -3 (base 5) in base 12?
-3
-a9 (base 14) to base 3
-12112
Convert -20 (base 5) to base 4.
-22
What is 11 (base 3) in base 8?
4
-13 (base 16) to base 8
-23
What is -62 (base 11) in base 2?
-1000100
What is 42 (base 5) in base 6?
34
What is 10 (base 10) in base 12?
a
Convert 204 (base 8) to base 3.
11220
-10 (base 5) to base 8
-5
What is 44 (base 11) in base 7?
66
-15 (base 9) to base 6
-22
Convert -395 (base 10) to base 16.
-18b
26 (base 11) to base 4
130
Convert 0 (base 15) to base 10.
0
-6 (base 11) to base 13
-6
-1 (base 2) to base 16
-1
-4 (base 6) to base 10
-4
Convert 5 (base 15) to base 10.
5
What is 0 (base 9) in base 10?
0
10000 (base 3) to base 14
5b
e (base 15) to base 4
32
What is -112 (base 3) in base 8?
-16
Convert 3 (base 13) to base 4.
3
Convert -3 (base 9) to base 8.
-3
0 (base 12) to base 13
0
What is -2 (base 12) in base 15?
-2
-4a (base 12) to base 3
-2011
Convert -30 (base 14) to base 16.
-2a
What is 13 (base 11) in base 16?
e
0 (base 3) to base 7
0
-94 (base 13) to base 5
-441
-1a (base 16) to base 14
-1c
-35 (base 14) to base 8
-57
What is -6 (base 13) in base 15?
-6
Convert -6 (base 16) to base 6.
-10
22 (base 7) to base 16
10
What is 31 (base 6) in base 4?
103
Convert -2220 (base 3) to base 10.
-78
Convert